et s = -1 + p. Give h(s).
9
Let y(h) = 9*h**3 + h. Let l be 3 + -1 + -2 - -1. Suppose -x + 0 = l. What is y(x)?
-10
Let y = -43 - -44. Let j(u) = u**3 - u**2 + u + 1. Let r(h) = -4*h**3 + h**2 - h. Let l(f) = -j(f) - r(f). Give l(y).
2
Let o(f) = -2*f - 2. Suppose m - 1 - 14 = 0. Suppose m + 0 = -3*s. What is o(s)?
8
Suppose 126 = -b - 13*b. Let g(o) = -o**3 - 10*o**2 - 10*o - 5. Give g(b).
4
Let r(o) = 2*o - 15. Let h be r(10). Suppose -4*i = -b - 6 - 3, 13 = -h*b + 4*i. Let s(z) = 8*z**2 + z. What is s(b)?
7
Let i(n) be the first derivative of -n**2 + 2*n + 13. Let m be 84/15 - 4/(-10). Let s = -2 + m. Give i(s).
-6
Let o(a) = a**2 - 6*a + 5. Let u be 3*-2*(-11)/(-33). Let c = -9 - -16. Let l = c + u. Give o(l).
0
Let h(f) = f + 4. Let z be ((-1)/3)/(1/(-471)). Suppose -22 = 5*p - z. Suppose -2*l - 5*q - 8 = -p, 5*l + 40 = 5*q. What is h(l)?
1
Let m be (-11)/4 + 4/(-16). Let g = -1 - m. Let f(r) = g + 2*r - 5*r + 2*r**2 - r**3 + r**2. Determine f(3).
-7
Let q(k) be the first derivative of k**3/3 + 3*k - 1. Let a be q(2). Let s(l) = -l**3 + 8*l**2 - 9*l + 6. What is s(a)?
-8
Let w = -2 + 2. Let x(v) be the third derivative of v**4/24 - v**3 - 5*v**2. What is x(w)?
-6
Let n(p) be the second derivative of 1/6*p**3 + 1/2*p**2 + p + 0 - 1/20*p**5 - 1/12*p**4. What is n(-1)?
0
Let g(w) be the first derivative of -w**3/3 - 7*w**2/2 - 3. Suppose -25 = -5*l, -5*n - 27 = l - 2. Give g(n).
6
Let i(v) be the second derivative of -v**3/6 - 3*v**2 + v. Let d = 92 + -95. What is i(d)?
-3
Let p(r) = 4*r - 2*r + 4*r - r. Determine p(-1).
-5
Let p be (-2 - -1)*2/(-2). Let j(f) = -f**2 - 16*f**3 - 3 + f + 0 - p + 5. Determine j(-1).
15
Suppose 0 = 3*l, -3*n + 5*l - 2 = -17. Let a(y) be the second derivative of y**3/6 - 3*y**2 + 2*y. Give a(n).
-1
Suppose 4*z = 5*i - 9, -4*z + i - 4 + 15 = 0. Let f(v) = -2. Let t(c) = -c. Let d(u) = z*t(u) - f(u). What is d(3)?
-10
Let o be 2/(2 - (-15)/(-6)). Let s(n) = n**3 + 4*n**2 + n + 5. Calculate s(o).
1
Let j(a) be the third derivative of -a**6/120 + 11*a**5/60 - 11*a**4/24 + 7*a**3/3 - 5*a**2 - 1. Determine j(10).
4
Let d(a) = -a**3 + 3*a**2 + a - 4. Suppose 0 = 2*o - 7*o + 5. Let i = o + 2. Let z be d(i). Let j(n) = -6*n**2 - n. Give j(z).
-5
Let v(p) = 3*p**3 + p. Let b(y) = 7*y**3 + y**2 + 3*y. Let z(i) = 2*b(i) - 5*v(i). Calculate z(-1).
2
Let p = -1 + 9. Let x(u) = -u + 4. Let a be x(p). Let w(v) = -3 - v**2 - 10*v + 0*v**2 + 4*v. Determine w(a).
5
Let i(h) be the third derivative of -h**5/60 + h**4/12 + 7*h**3/6 + 5*h**2. Calculate i(5).
-8
Let q be -2*(-1)/6*-3. Let v(g) = 6*g - 3. Let k(n) = 3 + 3 + 2 - 17*n. Let f(o) = 4*k(o) + 11*v(o). What is f(q)?
1
Let u(z) be the first derivative of 2*z**3/3 + z**2/2 - 2*z - 1. Let s be (7 + 1)/4 + -4. Calculate u(s).
4
Let w(s) = -3*s**2 + 9 + 4*s**2 - 16 + 4*s. Suppose 7*h - 2*p = 3*h - 12, 2*h = -2*p - 18. What is w(h)?
-2
Let c = 1 - -10. Let b = -6 + c. Let h(i) = -i**3 + 4*i**2 + 4*i. What is h(b)?
-5
Let w(x) = -7*x**3 + 5*x**2 + 5*x + 6. Let r(g) = g**3 - g**2 - g - 1. Let t(a) = 6*r(a) + w(a). Let j be (-5 - (0 - 2)) + -2 + 4. Calculate t(j).
1
Let m be (1 + 0)*(7 + -4). Let c(i) = i**m + 2*i + 0*i + 2*i**2 - i. What is c(-2)?
-2
Let p(j) = -11*j - 1. Let u(w) = -w**2 - 1. Let r be u(0). Determine p(r).
10
Let z = -19 - -19. Let l(y) = -y**3 + y**2 + y + 17. Calculate l(z).
17
Let f(y) = -3*y - 8. Let j(u) = u + 4. Let s(t) = 2*f(t) + 5*j(t). Give s(6).
-2
Let m(r) = r - 3. Let y(l) = -2*l**3 + 2*l**2 - l. Let q be y(2). Let d = -16 - q. Let g = 3 + d. What is m(g)?
-6
Let m(h) be the second derivative of h**5/20 - h**4/4 - h**2/2 + 3*h. Let k = -1 + 4. Calculate m(k).
-1
Let g(b) = 2 - 10*b**3 + 6*b + 11*b**3 + 5*b**2 + 1. Let l(q) = q**3 - 10*q**2 - 10*q - 15. Let v be l(11). Determine g(v).
-5
Let v(w) = 22*w - w**2 + 3 + 19*w - 38*w - 2. Determine v(3).
1
Let p(c) = 1 + c - c**3 - c - 3*c**3 - c**2. What is p(1)?
-4
Let d(s) = -s**3 - 5*s**2 - 3*s + 5. Let p be (0/1)/(-2 + 0). Let b be 3 - (p + -6)/3. Suppose 11 = -b*x + 3*r, 2*r = -4 - 2. Calculate d(x).
1
Let a(j) = j**2 + 7*j - 7. Let h be ((-6)/9)/((-2)/(-24)). Give a(h).
1
Let d be ((-27)/(-18))/((-3)/(-4)). Let n(f) = 4*f + 3 - 3*f + f**d - 2*f**2. Calculate n(0).
3
Let i(z) be the second derivative of z**3/6 + z**2 + 14*z. Give i(6).
8
Let c = 0 + 1. Let n be 1/(c/(-2)*-1). Let w(p) = 4*p**n - 5*p**2 + 5 + 2*p**2 - 4*p. Give w(4).
5
Let m be (12 + -2 + -3 + -1)*1. Let c(g) = -g + 7. What is c(m)?
1
Let k(i) = -i**2 - 5*i - 4. Let c(t) = -t**3 + 9*t**2 - 7*t - 14. Let r be c(8). Calculate k(r).
-10
Let r(t) = -t**2 + 2*t. Suppose 5*h - 4 = 1. Let b be -1 + -2*h/2. What is r(b)?
-8
Let j = -67 - -73. Let r(s) = s**2 - 5*s - 8. What is r(j)?
-2
Let n(m) = 5*m - 64*m**2 - 3 + 6 + 63*m**2. Suppose 0 = -c + 3 + 2. Give n(c).
3
Let o(c) = -c**3 + c**2 - c - 1. Let v(s) be the third derivative of s**6/24 - s**5/30 + s**4/2 + 2*s**3/3 - 2*s**2. Let j(f) = -6*o(f) - v(f). Calculate j(5).
-3
Let u be 4/(-6)*45/(-10). Let f(w) be the third derivative of -w**5/20 + w**4/12 + 2*w**3/3 - 13*w**2. Calculate f(u).
-17
Let f be 7/2 + 2/4. Let o(y) be the third derivative of -y**5/60 + y**4/4 - 2*y**3/3 + 2*y**2. What is o(f)?
4
Suppose -2*k + k = 4. Let l(a) = 3*a**2 + 5*a - 4. Determine l(k).
24
Let y(i) = -i**2 - 5*i + 3. Let p(c) = -c. Let a(o) = -3*p(o) + y(o). What is a(-4)?
-5
Let h(r) = -6*r**2 - 4*r. Let w be 2*1/(-2) - 8. Let q(n) = -3*n**2 - 2*n. Let t(s) = w*q(s) + 4*h(s). What is t(-2)?
8
Let w be 1/(-5) + (-1)/(-5). Suppose w = 2*k - 3*k + 4. Let u be -6*(-1 + 6/k). Let q(a) = a**3 + 4*a**2 - 3. Determine q(u).
6
Let x(j) = j**3 + 5*j**2 - 3*j - 9. Let c be x(-5). Let a(m) = -m + 7. Calculate a(c).
1
Let u be (-1)/8 - (-3 - 49/8). Let z(a) = a**2 - 9*a - 5. Determine z(u).
-5
Let v(b) = b**3 + 5*b**2 - 2. Suppose 0 = -0*x + 3*x - a + 15, 2*x + 10 = 5*a. What is v(x)?
-2
Let b(h) = h - 14. Let z be -2*1/((-4)/12). Calculate b(z).
-8
Let y(q) be the second derivative of -q**4/6 - q**3/6 - q**2/2 + 3*q. Let v(z) = z**2 + 2*z + 2. Let x(c) = -3*v(c) - 2*y(c). Determine x(5).
1
Let q(b) = b**2 - 4*b + 6. Suppose -3*d - 11 = -g, g - 5*d + 11 = 26. Suppose g*n - 19 - 6 = 0. Give q(n).
11
Let f(b) = -b**3 + 8*b**2 - 8*b. Let a = 59 + -52. Calculate f(a).
-7
Let v(d) = -d + 10*d - 35 + d**2 + 38. Give v(-7).
-11
Let b(z) = z**2 + 4*z + 3. Let q = -10 + 5. Determine b(q).
8
Let q be 2/3 + 33/(-9). Let a(t) = t**3 + 3*t**2 + t. Determine a(q).
-3
Let k(w) = 3*w - 3. Let m be k(2). Let u(l) = l**2 - 8*l + 4. What is u(m)?
-11
Let c(w) = 2*w**3 - w**2 - 2*w + 5. Let y(m) = 0 - 3*m**2 + 9 + 2*m**3 + m**3 - 3*m + 0. Let t(o) = -5*c(o) + 3*y(o). Let j = 2 + -6. Determine t(j).
-2
Suppose 2*v + 4*d = 14, v + d + 23 = 5*d. Let k(m) be the first derivative of m**4/4 + 5*m**3/3 + 5*m**2/2 + 2*m - 5. Give k(v).
5
Let l(v) = -v**2 + 2*v + 8. Let g be -5*21/15*-1 - 1. Determine l(g).
-16
Let o(t) be the second derivative of -t**4/4 - 4*t**3/3 + 6*t**2 - t. Let r(l) = -l**2 - 3*l + 4. Suppose 4*k = 25 - 9. Let n(y) = k*o(y) - 11*r(y). Give n(0).
4
Let a(j) = j + 1. Let b be a(-5). Let c(h) = 4 - 3 - 4 + 2. Let t(v) = v. Let f(r) = 4*c(r) - t(r). Calculate f(b).
0
Suppose 0 = 2*l + l - 12. Let c(m) = m**2 - 8*m + 5. What is c(l)?
-11
Let d(x) be the first derivative of -x**2/2 - 7*x + 4. Calculate d(-10).
3
Let g(t) = -4*t**2 + 11*t - 5. Let d(s) = -5*s**2 + 12*s - 5. Let l(q) = 5*d(q) - 6*g(q). Let r(z) be the first derivative of l(z). What is r(-5)?
4
Let c(s) be the second derivative of -13*s**3/6 + 18*s. What is c(-2)?
26
Let g(k) = 2*k - 1. Let d = -8 + 6. Let h = d - -6. Suppose 4*w = 3*j + 5, -4 - 9 = w + h*j. What is g(w)?
-3
Let v(p) = p**3 + 5*p**2 + 3*p. Let r be v(-4). Let l(s) = -2*s**2 + 1 + 5*s**2 - r*s**2. Let j = 485 - 483. Calculate l(j).
-3
Let t(n) = 4*n**2 - 7*n. Let i(z) = 5*z**2 - 7*z + 1. Let f(y) = 5*i(y) - 6*t(y). Let d be (10/4 + -3)*1*12. Determine f(d).
-1
Let s(b) = 4*b**3 + 2*b**2 - 4*b - 3. Let m(i) = -9*i**3 - 4*i**2 + 9*i + 6. Let n(j) = 2*m(j) + 5*s(j). Let c = 3 - 5. Determine n(c).
-7
Let s(q) = q**2 + 6*q + 6. Let j be ((-4)/(-2) - -3) + 0. Suppose j*w = 11 + 4. Suppose 3*z + w*i = -24, 3*z - 4*i = -i - 6. Give s(z).
1
Let u(s) = s**3 + 2*s**2 + 2*s - 2. Let b be (3 + -2 + -2)/(-1). Let q 